s 460390 a multiple of 30?
False
Is 3975150 a multiple of 6?
True
Does 1128 divide 17605461?
False
Does 115 divide 6755330?
True
Is 3845026 a multiple of 605?
False
Is 1569816 a multiple of 24?
True
Is 1580796 a multiple of 189?
True
Does 360 divide 847800?
True
Is 5773096 a multiple of 220?
False
Is 38 a factor of 1415587?
False
Is 35 a factor of 3538255?
True
Is 1067 a factor of 10939951?
True
Is 15 a factor of 7050501?
False
Is 791194 a multiple of 110?
False
Is 44 a factor of 52556?
False
Is 1198902 a multiple of 50?
False
Is 981795 a multiple of 37?
True
Is 28 a factor of 265566?
False
Is 23348514 a multiple of 17?
True
Does 8 divide 48938?
False
Is 10 a factor of 3915610?
True
Is 65688 a multiple of 138?
True
Does 105 divide 128295?
False
Is 8 a factor of 1061489?
False
Does 135 divide 4589865?
True
Is 45496 a multiple of 242?
True
Is 24 a factor of 3146568?
True
Is 2576 a multiple of 8?
True
Is 869916 a multiple of 6?
True
Does 540 divide 316440?
True
Is 965 a factor of 3950741?
False
Does 1502 divide 9338083?
False
Is 9 a factor of 123282?
True
Is 493696 a multiple of 266?
True
Is 16786233 a multiple of 144?
False
Is 196000 a multiple of 32?
True
Does 4 divide 17656?
True
Is 161 a factor of 192073?
True
Is 8 a factor of 855097?
False
Is 41966 a multiple of 14?
False
Does 25 divide 243950?
True
Is 17 a factor of 8602?
True
Does 21 divide 64953?
True
Does 16 divide 1234288?
True
Is 13 a factor of 9379122?
False
Is 220 a factor of 1542420?
True
Does 265 divide 14339945?
True
Does 6 divide 25756?
False
Is 1629827 a multiple of 393?
False
Is 356 a factor of 498450?
False
Does 46 divide 138?
True
Does 319 divide 137489?
True
Is 155 a factor of 1603762?
False
Does 5 divide 78040?
True
Is 26 a factor of 418385?
False
Does 68 divide 86904?
True
Is 767419 a multiple of 111?
False
Is 5 a factor of 784467?
False
Does 39 divide 111735?
True
Is 923 a factor of 4941742?
True
Does 24 divide 1781503?
False
Does 24 divide 1004616?
True
Is 60 a factor of 70469?
False
Does 16 divide 104608?
True
Is 63 a factor of 506646?
True
Is 3 a factor of 193788?
True
Is 4473984 a multiple of 61?
True
Is 19 a factor of 89528?
True
Does 181 divide 3823325?
False
Is 1232325 a multiple of 30?
False
Does 95 divide 396945?
False
Does 143 divide 394578?
False
Is 49 a factor of 67077?
False
Does 19 divide 2660323?
True
Does 12 divide 116681?
False
Is 1145320 a multiple of 19?
True
Is 825408 a multiple of 24?
True
Does 5 divide 41421?
False
Is 236 a factor of 7451464?
True
Is 234 a factor of 1733472?
True
Is 468 a factor of 2485548?
True
Does 244 divide 136396?
True
Is 22 a factor of 150394?
False
Is 12118947 a multiple of 16?
False
Is 33 a factor of 73623?
True
Is 27768284 a multiple of 134?
True
Is 521 a factor of 571401?
False
Is 20 a factor of 2647080?
True
Is 1565034 a multiple of 8?
False
Does 11 divide 18977?
False
Is 260 a factor of 363725?
False
Is 316954 a multiple of 199?
False
Is 16 a factor of 275628?
False
Does 685 divide 23698260?
True
Is 670404 a multiple of 483?
True
Is 83 a factor of 739198?
True
Is 17978 even?
True
Does 22 divide 3795548?
False
Does 76 divide 13832?
True
Does 14 divide 766878?
True
Is 832506 a multiple of 13?
False
Does 125 divide 1348668?
False
Is 159 a factor of 356477?
False
Does 42 divide 1971060?
True
Is 1090 a factor of 2502640?
True
Is 29 a factor of 330355?
False
Is 30 a factor of 142903?
False
Is 25984 a multiple of 16?
True
Is 12 a factor of 182593?
False
Is 196409 a multiple of 14?
False
Is 337 a factor of 233878?
True
Is 189 a factor of 6738417?
True
Is 1895314 a multiple of 694?
True
Is 18993 a multiple of 24?
False
Is 13 a factor of 982961?
False
Is 26592896 a multiple of 9?
False
Does 2 divide 1317773?
False
Does 235 divide 1473478?
False
Does 170 divide 8418740?
True
Does 4 divide 847832?
True
Is 50 a factor of 95503?
False
Does 11 divide 1261403?
True
Is 15 a factor of 183388?
False
Is 162 a factor of 588170?
False
Is 1019031 a multiple of 13?
True
Does 156 divide 576367?
False
Does 84 divide 72408?
True
Is 86612 a multiple of 59?
True
Does 22 divide 1748655?
False
Does 24 divide 125324?
False
Is 1729914 a multiple of 566?
False
Does 55 divide 12460?
False
Does 8 divide 6797160?
True
Is 33 a factor of 406296?
True
Is 530718 a multiple of 19?
False
Does 98 divide 4821698?
True
Does 30 divide 13997070?
True
Is 159714 a multiple of 9?
True
Does 10 divide 90580?
True
Is 49 a factor of 43120?
True
Does 9 divide 1682377?
False
Is 189904 a multiple of 13?
True
Is 61 a factor of 107055?
True
Does 22 divide 33616?
True
Does 38 divide 7107170?
False
Is 38716 a multiple of 2?
True
Does 126 divide 96806?
False
Does 181 divide 208511?
False
Is 24 a factor of 2387423?
False
Is 122811 a multiple of 141?
True
Is 260 a factor of 19320571?
False
Is 23 a factor of 365355?
True
Does 12 divide 11292?
True
Does 35 divide 1807602?
False
Does 85 divide 753525?
True
Is 36 a factor of 1931508?
True
Is 43250 a multiple of 32?
False
Does 6 divide 842376?
True
Is 60450 a multiple of 93?
True
Does 9 divide 315743?
False
Does 367 divide 1822522?
True
Does 64 divide 10542784?
True
Is 45960 a multiple of 298?
False
Is 925363 a multiple of 14?
False
Is 7 a factor of 11046?
True
Does 6 divide 37527?
False
Does 59 divide 7594303?
True
Does 69 divide 5565109?
False
Is 406971 a multiple of 4?
False
Does 59 divide 166439?
True
Is 374120 a multiple of 376?
True
Is 8724960 a multiple of 10?
True
Does 21 divide 21831?
False
Is 316669 a multiple of 55?
False
Is 4589457 a multiple of 84?
False
Does 7 divide 248957?
False
Does 27 divide 1524150?
True
Is 21561192 a multiple of 345?
False
Is 500 a factor of 5993000?
True
Is 9 a factor of 2902689?
True
Does 759 divide 1224175?
False
Is 1023 a factor of 10157019?
False
Does 37 divide 1188403?
True
Is 231630 a multiple of 15?
True
Does 10 divide 30400?
True
Is 100380 a multiple of 5?
True
Is 1854569 a multiple of 35?
False
Is 683 a factor of 17920086?
False
Does 311 divide 2364597?
False
Is 171 a factor of 1489136?
False
Is 84 a factor of 2663052?
True
Is 4 a factor of 69690?
False
Is 179 a factor of 20677?
False
Is 235 a factor of 936710?
True
Is 7051614 a multiple of 23?
False
Is 122 a factor of 23976?
False
Does 48 divide 715736?
False
Is 4931036 a multiple of 11?
True
Does 28 divide 156604?
True
Is 701 a factor of 45902?
False
Is 203 a factor of 153029?
False
Is 3244568 a multiple of 941?
True
Does 18 divide 80318?
False
Is 370 a factor of 807269?
False
Does 49 divide 1173501?
True
Is 1152 a factor of 3570444?
False
Is 84237 a multiple of 89?
False
Is 410872 a multiple of 11?
True
Does 106 divide 41552?
True
Is 489 a factor of 147678?
True
Is 49 a factor of 431825?
False
Does 21 divide 4284210?
True
Is 213 a factor of 247932?
True
Is 921970 a multiple of 11?
False
Is 63 a factor of 145467?
True
Is 3982351 a multiple of 29?
False
Is 546381 a multiple of 12?
False
Is 30 a factor of 118710?
True
Is 622 a factor of 6458848?
True
Is 117 a factor of 296726?
False
Is 15508675 a multiple of 595?
True
Is 26736 a multiple of 3?
True
Does 15 divide 586577?
False
Does 526 divide 8279240?
True
Is 47 a factor of 35283?
False
Is 4901125 a multiple of 25?
True
Is 32 a factor of 10381024?
True
Is 1198016 a multiple of 32?
True
Is 4375172 a multiple of 13?
False
Does 7 divide 68157?
False
Is 2 a factor of 24692?
True
Is 453 a factor of 3033474?
False
Does 53 divide 7362548?
True
Does 307 divide 159333?
True
Does 74 divide 852866?
False
Does 24 divide 1712640?
True
Is 152214 a multiple of 421?
False
Is 54 a factor of 408888?
True
Is 369 a factor of 1918835?
False
Is 12 a factor of 27119?
False
Does 39 divide 13729443?
True
Is 5186526 a multiple of 926?
True
Is 1872396 a multiple of 108?
True
Does 47 divide 4052468?
False
Is 168609 a multiple of 158?
False
Is 68028 a multiple of 12?
True
Is 2 a factor of 59976?
True
Does 23 divide 249889?
False
Does 13 divide 6870159?
False
Is 812322 a multiple of 14?
True
Does 614 divide 921011?
False
Is 68291 a multiple of 344?
False
Does 394 divide 1809914?
False
Is 189900 a multiple of 30?
True
Does 130 divide 4191578?
False
Does 621 divide 171396?
True
Does 2 divide 238707?
False
Is 142 a factor of 47002?
True
Is 850461 a multiple of 41?
False
Is 892 a factor of 607452?
True
Is 154 a factor of 7